 factor of x and d?
27
Let s be 28/(-1)*(-14)/56 - -9. Let c(t) = 5*t - 63. Let x be c(23). What is the greatest common divisor of s and x?
4
Suppose -4*l + 92 = -52. Let j = -21 + l. Calculate the highest common factor of 5 and j.
5
Let h(w) = 2*w + 6044. Let m be h(114). Calculate the highest common divisor of m and 98.
98
Let k be (-33 - -25)/((-4)/(-2)) + 304. Suppose 0 = -14*g + 400 + k. Calculate the highest common divisor of 10 and g.
10
Let g(a) = a**2 + 12 - 6 + 13 + 1 - 18*a. Let o be g(19). Suppose 4*p = 2*p + 52. What is the greatest common divisor of p and o?
13
Suppose -k + 3*k = 306. Let u = -21284 + 21488. What is the greatest common divisor of k and u?
51
Let i(d) = -5*d**2 - 131*d + 34. Let j be i(-26). Let a = -694 - -1034. Calculate the greatest common divisor of a and j.
20
Let t be ((-1510)/25)/(56/(-420)) - 11. What is the greatest common factor of 104 and t?
26
Suppose -10*c = 15 - 195. Suppose c = 4*w - 6. Let z be (2 + 1 + (-26)/w)*-3. What is the greatest common divisor of 6 and z?
2
Let j = 11808 + -11794. What is the highest common divisor of j and 19922?
14
Suppose -108*m + 8661 = -24*m + 2529. Calculate the greatest common factor of m and 25331.
73
Suppose 9*s - 5148 = -2*n + 5*s, 10*n - 2*s - 25740 = 0. Calculate the highest common factor of n and 42.
6
Let k = 3844 + -3808. Calculate the highest common divisor of k and 3402.
18
Let r be (-440)/(((-3)/15 - 0)*685/137). What is the highest common divisor of r and 30?
10
Let i be (-6 - 0) + 4 - -17. Let q(m) = -7*m + 164. Let v be q(22). What is the highest common divisor of i and v?
5
Let h(q) = -81*q + 963. Let w be h(9). What is the highest common divisor of 156 and w?
78
Suppose -4*j - 2 = 3*f, 2*f = 3*f + j. Let t be (-1)/2*f + -2 + 255. Suppose 2 - 758 = -27*z. Calculate the greatest common divisor of t and z.
28
Suppose 121 + 665 = 6*w - 294. What is the highest common factor of w and 3180?
60
Suppose 0 = 4*n - 2*q + 428, 4*n + 265 = -2*q - 155. Let w be n/(-22) - 20/(-110). What is the greatest common factor of w and 40?
5
Let z(w) = -w**3 + 22*w**2 - 22*w + 50. Let u be z(21). Let p be (-2)/10 - (-306)/5. Let k = u + p. Calculate the greatest common divisor of k and 10.
10
Let y be 0 + -7 + 537 + -6. Let h = -489 + y. Calculate the highest common divisor of 112 and h.
7
Let i(v) = 6 - 1 - 52*v - 5 - 6. Let q be i(-3). Let k = 10 + 5. What is the greatest common factor of k and q?
15
Let h = 132 - 135. Let v be (-359)/(-3) + (h - -13)/30. Calculate the greatest common divisor of v and 5.
5
Let t(v) = 4*v**2 + 7*v - 29. Let i be (-4)/14 + (-4 - 410/35). Let o be 3/(-12) - 116/i. Let u be t(o). Calculate the greatest common factor of 24 and u.
24
Suppose 6*k = 5*z + 2*k - 45, -5*k = 25. Suppose -7 = -4*w + z. Suppose 2*t - a = -w*a + 38, -a = 5*t - 75. Calculate the greatest common factor of 21 and t.
7
Suppose a = -3*t + 188, -3*a + 5*t + 202 + 306 = 0. Let d = 11 + a. Let p(i) = 17*i. Let y be p(1). Calculate the greatest common factor of d and y.
17
Let x(r) = -2048*r - 4031. Let y be x(-2). Calculate the greatest common divisor of 42445 and y.
65
Suppose 321*j + 382 = 5*t + 320*j, j = -2*t + 150. Calculate the highest common divisor of t and 16.
4
Suppose 25437*j - 25474*j + 35150 = 0. What is the greatest common divisor of 35 and j?
5
Let h(y) = 2*y**3 + 53*y**2 - 30*y - 66. Let s be h(-27). Suppose -s*b = -5491 - 5009. What is the greatest common divisor of b and 20?
20
Let i be (228/30)/((-1)/(-140)). Let s(r) = 1070*r - i*r + 23 - 2*r**2 + r**2. Let h be s(8). Calculate the highest common divisor of h and 28.
7
Let m be (0 - -2)/(3278/(-825) + 4). Suppose 5*q - 5*h - 40 = 0, 23 = q - h - 3*h. Suppose 51 = -q*f + m. Calculate the highest common factor of f and 80.
8
Let u(c) = -c**2 + 10*c + 87. Suppose -486 = -2*m - 456. Let i be u(m). Calculate the highest common divisor of i and 90.
6
Let o(x) = 596*x**2 - 4*x + 3. Let f be o(1). Suppose -f + 28 = -21*j. What is the highest common factor of j and 18?
9
Let c be (-125958)/(-140) - (-3)/10. Suppose 4*g - 22*g + c = 0. Calculate the highest common divisor of g and 30.
10
Let u be (180/36 - 8)*15/(-1). Calculate the greatest common factor of 2445 and u.
15
Suppose 2*v - 1 - 8 = x, -3*v - 4*x = -19. Suppose -8 = -v*i + 7. Let n be (1*-1)/1 - (-269 - -266). What is the greatest common divisor of n and i?
1
Let p be -308 + 310 - (-204 + (-4)/(-2)). Calculate the greatest common factor of p and 8704.
68
Suppose -3*i + 15 = -3*l, 16*i - 20*i = -2*l - 20. Suppose -3*c = -4*y + 584 + 466, -3*c - 1314 = -i*y. Calculate the highest common divisor of 99 and y.
33
Let x = -66825 + 66830. Suppose -4*n + n + 735 = 0. What is the greatest common factor of n and x?
5
Let q be (1/((-15)/936))/((-8)/80). What is the highest common divisor of 432 and q?
48
Let y(x) = 5*x + 1 + 31*x - x. Let j be y(1). Let f(n) = 2*n**3 - 26*n**2 - 12*n + 158. Let d be f(13). Calculate the greatest common factor of d and j.
2
Let f(w) = -3026*w**3 - 46*w**2 - 42*w + 2. Let n be f(-1). Calculate the greatest common divisor of 72 and n.
72
Suppose 1358 = 318*o - 316*o. Let p = 689 - o. Calculate the greatest common factor of 360 and p.
10
Let n(k) = 112*k - 5. Let q(x) = 28*x - 1. Let j(l) = 2*n(l) - 9*q(l). Let t be j(-1). Suppose 93 + t = 6*m. What is the greatest common factor of m and 50?
10
Let q(s) = s**3 - 3*s**2 - 8*s + 22. Let z be q(4). Suppose 5*u - 134 = -14. What is the highest common factor of z and u?
6
Let b = -101 - -109. Suppose -b*s = 356 + 1044. Let l be (-2875)/s + (-3)/7. What is the greatest common factor of 144 and l?
16
Suppose -p = -r - 100, -194 = 36*p - 38*p - r. What is the highest common factor of 518 and p?
14
Let u = 119 + 4. Let o = 403 - 400. Let k be 21*o/42 - 322/(-4). What is the highest common divisor of u and k?
41
Suppose 0 = 4*w - 80*f + 84*f - 132, 5*f = -20. Calculate the greatest common factor of 74 and w.
37
Suppose 0 = -49*c + 4567 - 451. Suppose -89*v = -c*v - 175. What is the greatest common factor of v and 945?
35
Let w(x) = -34*x + 8. Let d be w(6). Let i = 1235 + -1368. Let c = i - d. Calculate the highest common factor of c and 21.
21
Let l = -260 + 492. Let u(f) = -f**2 + 51. Let c be u(-5). Suppose -24*w + c*w = 58. Calculate the highest common factor of l and w.
29
Let i = 460 + -455. Suppose -5*p - 60 = -4*y - p, i*p = 0. Let s = 364 + -259. Calculate the highest common divisor of s and y.
15
Suppose 126*q = 52 + 5996. Calculate the highest common divisor of 1044 and q.
12
Suppose 5*a = 25, -4*a - 257 = -3*w - 55. Let y be (-49 + -7)*w/(-8). What is the highest common factor of y and 14?
14
Let g be (-3)/9 + (-8044)/(-12). Let k = -148 + g. Suppose -2*d + 4*d + 138 = b, 4*b - k = -2*d. What is the greatest common factor of 12 and b?
12
Let y = -7309 + 7375. Let a = 78 - 24. Calculate the greatest common divisor of y and a.
6
Suppose -3*g + 0*g - 4*a + 115 = 0, -4*g + a + 128 = 0. What is the greatest common divisor of g and 275?
11
Let n = 91 - 9. Let z = n - 72. Suppose 380 - 100 = z*w. Calculate the greatest common factor of w and 112.
28
Let q be -144 + 831 - 1*3. What is the highest common divisor of 288 and q?
36
Let h = 19570 - 11890. What is the greatest common factor of h and 15?
15
Let i = 53 + -81. Let m be (-1)/4 - (-441)/i. Let t be (m/4 + 1)/(1/(-25)). What is the greatest common factor of t and 15?
15
Let i = -369 - -381. Let j be (-3 - -4)*136/i*6. Calculate the highest common factor of 425 and j.
17
Let p be (111/(-21) - 0) + 10/35. Let a be (-4 - p - 0)*(25 + -1). Calculate the highest common divisor of 3 and a.
3
Let y = 87 + -52. Let n = y + -32. Calculate the greatest common divisor of 4 and n.
1
Suppose -262*y = -271*y + 504. Suppose -9*g = -17*g + 1456. What is the greatest common factor of g and y?
14
Suppose -38*j - 109*j = -21168. What is the highest common divisor of j and 992?
16
Suppose -5*k + 10*k + 3*x - 123 = 0, 4*k = 4*x + 92. Calculate the greatest common factor of 128 and k.
8
Let i(t) = 455*t + 2296. Let o be i(-4). What is the greatest common divisor of 154 and o?
14
Let s(z) = 113*z + 310. Let t be s(2). Calculate the greatest common factor of t and 64.
8
Let q = 2859 + -1723. Calculate the highest common divisor of 80 and q.
16
Let r = -12206